3*k - 2*k + 3*k - 6 + 6*k. What is z(c)?
10
Let z(x) = -x**2 - 11*x - 17. Let t be z(-8). Let m(j) = -j**2 + 6*j + 5. Calculate m(t).
-2
Let r(i) = 2*i - 6. Let x(k) = -5*k + 11. Let v(s) = 7*r(s) + 4*x(s). Give v(2).
-10
Suppose 8*y = y - 0*y. Let l(k) be the third derivative of -1/120*k**6 - k**2 + 0*k + 0 + 1/24*k**4 + k**3 - 1/60*k**5. What is l(y)?
6
Let a(o) be the second derivative of 0*o**2 + 0 + 5*o - 2/3*o**3. Give a(-2).
8
Suppose -4*v - 2*x + 10 = 0, 3*x - 2*x = 2*v - 3. Let m(u) be the second derivative of u**4/12 - u**3/3 + u**2 - u. What is m(v)?
2
Let b(r) = 4 + 0 - 3 + 28*r - 22*r. Determine b(-1).
-5
Let d(a) = -a**2 + 5*a - 4. Suppose 4*t = -2*u - 4 - 2, 30 = 5*u - 5*t. Give d(u).
2
Let v(g) be the first derivative of g + 1/2*g**2 - 3. Suppose -3*x - 5 = -17. What is v(x)?
5
Let t = -37 + 38. Let o(u) = -15*u**2 + u - 1. What is o(t)?
-15
Let r(x) = 2*x**2 + x**2 + 3*x**2. Suppose 3*z - 4 - 8 = 0. Suppose 11*y = 7*y + z. Calculate r(y).
6
Let j(h) be the second derivative of h**3/6 + 5*h**2/2 - 6*h. Give j(-6).
-1
Let i(y) = -4*y**3 + y**2 - y**2 - 1 + 0*y**2. Let b be i(1). Let r(c) = 3*c + 6. Calculate r(b).
-9
Let d(n) = -5*n**3 + 1. Let y be d(-1). Let p be (y/3)/(-2) - 0. Let f(t) = -6*t. Determine f(p).
6
Let w(h) be the first derivative of -h - 9 - 7/2*h**2 + 1/3*h**3. Give w(7).
-1
Let l(w) = w**3 + w**2 - w + 2. Let j be 4/(-18) + (-28)/36. Let s be 5 - 3 - (1 + j). Suppose -20 = p + 4*b - 0, -s*p - 3*b - 15 = 0. Give l(p).
2
Let j(b) = b. Let s be 30/24 + (-6)/(-8). Suppose -3*m = -2*m + s. What is j(m)?
-2
Let m(x) = 2*x - 1. Let f be 8/(-24)*1*-42. Let k = -16 + f. Give m(k).
-5
Let o(j) be the third derivative of -j**4/24 - j**3/6 - 2*j**2. Give o(-8).
7
Let y(t) = -t**3 + 2. Let i be y(0). Let h(m) = -3*m + 2. Give h(i).
-4
Let y(s) be the third derivative of -3*s**2 - 1/3*s**3 + 0 - 1/24*s**4 + 0*s. Give y(-3).
1
Let w(k) = -k**3 - 4*k**2 + k + 1. Let a(f) = -2*f**3 + 2*f**2 + f + 4. Let v be a(-2). Suppose -v = 5*g - 5*q + 14, 4*q = g + 20. Give w(g).
-3
Let y(q) = -q**2 - q. Let t(h) = 3*h**2 + 4*h - 6. Let s(b) = -b + 2. Let k be s(6). Let l(z) = k*y(z) - t(z). Calculate l(0).
6
Let q(h) = h + 4. Let d be q(-2). Let j(f) = -d + 3*f - 2*f**3 + 2*f**3 + 3*f**3 - 4*f**3 - f**2. What is j(-3)?
7
Let w(z) = -12*z - 2. Let v(t) = 4*t + 1. Let i(l) = 11*v(l) + 4*w(l). What is i(-3)?
15
Let q = 28 + -23. Let u(f) = 2*f - 2. What is u(q)?
8
Let z(u) = -u - 3. Let c be z(3). Let d be (c/4)/(3/(-2)). Let p(j) = -3*j**2 - j + 1. Calculate p(d).
-3
Let v(a) = -2*a - 1. Let s = 1 + -4. Let j be s - (-2 - (-5 + 3)). Give v(j).
5
Let w(v) be the third derivative of v**5/60 - v**4/24 - v**2. Suppose j + 4*j = x - 15, -3 = -4*x + j. Suppose -4*c - 6 + 18 = x. Determine w(c).
6
Let z(a) = 2*a**2 - 3*a - 2. Let c = 11 + -13. What is z(c)?
12
Suppose 5*z - n = -33, -2*n - 6 + 36 = -4*z. Let b(k) = k**2 + 8*k + 3. What is b(z)?
-9
Suppose -p - 9 = 4*b - 0, 2*p = -b + 3. Suppose -2 = 2*q + 2*c, -5*q + 1 - 2 = c. Let x(f) = q*f + 4*f**2 - f**2 - 3*f**3 + 2*f**3 + 3 - 3*f. Give x(p).
-6
Suppose 0 = 3*u - u. Let k(d) = -d - 4. Let t be k(u). Let n(p) = -p + 5*p - 3*p. Give n(t).
-4
Let p(m) be the third derivative of -m**6/120 + m**5/20 + 5*m**4/24 - 5*m**3/6 - 25*m**2. Give p(4).
-1
Let y(f) = -f - 1. Let t(w) = w + 0 + 0 - 2*w. Let g(d) = -4*t(d) - y(d). Give g(-1).
-4
Suppose 6 = -2*x - 5*k, k - 6*k = -5*x + 55. Let b(t) = t - 1. What is b(x)?
6
Let h = -8 + 6. Let k(f) be the third derivative of -f**6/240 + f**5/120 + f**4/4 - 4*f**2. Let g(x) be the second derivative of k(x). What is g(h)?
7
Let r(l) = -l**2 - 12*l + 16. Let d be r(-13). Let v(u) = -u**3 + 2*u**2 + 4*u. Determine v(d).
3
Suppose c - 2*c + 4 = -2*b, -3*c = -5*b - 10. Let l(k) = c + 2*k + 3 - k - k**2. Let o(h) = -2*h**2 + 2*h + 7. Let g(d) = -7*l(d) + 3*o(d). Determine g(3).
6
Let l(f) = -8 + 0*f + f + f - f. Calculate l(5).
-3
Let i(p) = 6*p**2 - p - 2. Let h be i(-1). Let a(b) = -b**2 + 4*b - 1. Calculate a(h).
-6
Let c(q) = 3*q - 2. Let i(s) = 2*s**2 + 5*s + 1. Let f(b) = b**2 - 1. Let z(n) = 3*f(n) - i(n). Let g be z(5). Calculate c(g).
-14
Let k(d) be the third derivative of d**7/2520 + d**6/144 + d**5/30 + 5*d**4/24 + 6*d**2. Let l(m) be the second derivative of k(m). Determine l(-4).
0
Let h(q) be the third derivative of 1/3*q**3 + 0 - 5*q**2 + 1/6*q**4 + 0*q - 1/60*q**5. Give h(5).
-3
Suppose 7 = -7*a + 35. Let u(k) = -5*k + 5. Calculate u(a).
-15
Let w(p) = -p. Let m(k) = -2*k + 7. Let l(d) = -m(d) + w(d). Let v(u) = -1. Let x be (6/4)/((-3)/(-4)). Let a(z) = x*v(z) - l(z). Determine a(4).
1
Let i(m) = -7*m + 1. Suppose 3*h + 15 = 18. Determine i(h).
-6
Let b(n) = n**3 - 6*n**2 + 6*n - 3. Let r be b(5). Suppose -l + u + 8 = 0, l + 4*u + r = -10. Let j(v) = -v. What is j(l)?
-4
Let t(l) = -15*l**2 + 3*l. Let o(x) = 16*x**2 - 4*x. Let j(z) = -4*o(z) - 5*t(z). Calculate j(-1).
10
Let q(v) = 3*v - 2. Let z(n) = n**3 + 13*n**2 - 29*n + 17. Let t be z(-15). Give q(t).
4
Let y be (7/(-5) + 2)*5. Let o be 24/42*14/4. Let r(i) = -i**2 + 2*i**2 - 10*i**y - o*i**2 + 1 + i. Calculate r(-1).
9
Let a(m) be the second derivative of -23*m**4/12 + 7*m**3/2 + 5*m**2/2 + 5*m. Let z(w) = -8*w**2 + 7*w + 2. Let f(s) = -6*a(s) + 17*z(s). Determine f(4).
8
Suppose -q = 2 - 0. Let x(o) = -o**2 - o - 1. Let y(w) = 8*w**2 + 8*w + 7. Let i(h) = 6*x(h) + y(h). Let r be i(q). Let b(s) = -s - 2. Determine b(r).
-7
Suppose 5*q - 6 = 2*q. Let p(g) = -9*g + q*g + 9 + g**2 - 3. Determine p(4).
-6
Let v = 16 - 27. Let t = 15 + v. Suppose -t*k - 10 = -d + 6*d, 5*d + 15 = -3*k. Let x(g) = -g**2 - 4*g + 7. What is x(d)?
-5
Suppose 0 = -g + 32 - 2. Suppose 3*l = -2*l + g. Let k(i) = i - 4. Give k(l).
2
Let f(u) = -u**3 - u**2 - 1. Let k(d) = 6*d**3 - 5*d. Let j = 5 + 0. Let g(s) = j*f(s) + k(s). Calculate g(6).
1
Let u(v) = 2*v**2 - v - 3. Suppose -3*x - r + 8 = 0, -11*x = -15*x + 4*r + 16. Calculate u(x).
12
Suppose -4*k + 6*k = -8. Let t(d) = d**3 + 4*d**2 + 2*d + 3. Give t(k).
-5
Suppose 0 = 3*j + 3. Let f(k) = -2*k**2 + 1. Calculate f(j).
-1
Let l(j) = -j + 1. Let p(a) = a**2 - 8*a - 6. Let g(h) = -l(h) + p(h). Calculate g(6).
-13
Let n(r) = r**2 + 4*r + 2. Suppose 0*q - 3*q = 9. Give n(q).
-1
Let c(o) = o**2 - 5*o - 3. Let v be 7/(-3) + (-4)/6. Let f be (-2)/(v/(45/(-6))). Let t = 0 - f. Calculate c(t).
-3
Let y = -16 + 29. Suppose -4*s = f + y, -3*s - 9 = 2*f + 2. Let k(o) be the third derivative of o**4/24 + o**3/3 - o**2. What is k(s)?
-1
Let o(w) be the first derivative of -w**4/4 - 2*w**3 - w**2 - 2*w - 6. Give o(-6).
10
Suppose 0 = -5*l + 1 + 14. Let b(q) = 2*q**3 + 5*q**2 - 5*q. Let z(j) = -5*j**3 - 15*j**2 + 15*j - 1. Let x(n) = 8*b(n) + 3*z(n). What is x(l)?
-6
Let n(l) be the first derivative of -13*l**3/3 + l + 17. Give n(1).
-12
Let g(d) = 3*d**3 - d**2 - 2*d + 3. Let c(o) = o**3 + o**2 + o + 1. Let s(p) = -4*c(p) + g(p). Determine s(-4).
7
Let n(p) = 4*p + 1. Let l(b) = -b. Let s(i) = -18*l(i) - 4*n(i). Let k = 25 - 22. Give s(k).
2
Suppose -5*v - 5*f + 10 = 0, 3*f - 10 = -v - 0*f. Let o(r) = -r - 2. What is o(v)?
0
Let a = 13 - 9. Let i(q) = -q - q + a*q - 4. Suppose 30 = 2*u + 4*w, 0 = -3*u - 2*u + 3*w + 10. Give i(u).
6
Let a(i) = 3*i**2 - 2*i**2 - 4*i + 3 + 9*i. Let n(r) = -r**3 - 8*r**2 - 8*r - 13. Let q be n(-7). Give a(q).
9
Let j(u) = -11*u - 5. Let h(p) = 9*p + 4. Let q(v) = -5*h(v) - 4*j(v). Calculate q(3).
-3
Let f(u) = -u - 15. Let a(o) = -3*o + 24. Let z be a(8). Give f(z).
-15
Let o(c) = c + 2. Let m(h) = h**3 + 5*h**2 + 4*h + 2. Let u be m(-4). Let i = 5 - u. What is o(i)?
5
Let n be 32/(-14) - (2/(-7) + 0). Let f(z) = z**3 - z. Calculate f(n).
-6
Let a(u) be the first derivative of 0*u + 3/2*u**4 + 0*u**2 - 2 + 0*u**3. Let n(k) = k**2 + 6*k - 1. Let x be n(-6). Calculate a(x).
-6
Suppose 0 = 2*g + 3*g - 20. Suppose j + 30 = -g*j. Let i(k) = k**2 + 5*k - 7. Determine i(j).
-1
Suppose 0 = -4*a - 5*r - 16, 0 = 2*a - 2*r - r + 8. Let t(y) be the second derivative of -y**5/20 - 5*y**4/12 - 2*y**3/3 - 3*y**2 - y. What is t(a)?
-6
Let h(g) = 8*g - 4 - 14*g**2 + 8 + 16*g**2. Determine h(-5).
14
Let p(w) = -3*w - 6. Let f be -3 + 4/((-8)/6). Determine p(f).
12
Let m(r) = 5*r - 7*r + 6*r + r**2. Give m(-5).
5
Let t(n) = 1 - 1 + 8*n**2 - 3 + n**3 + 6*n. Suppose 5*